{"id":8,"date":"2022-10-04T22:21:45","date_gmt":"2022-10-04T22:21:45","guid":{"rendered":"https:\/\/hiox.com.ar\/das\/?page_id=8"},"modified":"2025-05-08T16:32:48","modified_gmt":"2025-05-08T19:32:48","slug":"nosotros","status":"publish","type":"page","link":"https:\/\/daslatam.org\/daslatam\/nosotros\/","title":{"rendered":"Nosotros"},"content":{"rendered":"\n<figure class=\"wp-block-image aligncenter size-large is-resized\"><a href=\"https:\/\/daslatam.org\/daslatam\/wp-content\/uploads\/2022\/10\/Captura-de-Pantalla-2022-10-22-a-las-23.48.48.png\"><img loading=\"lazy\" decoding=\"async\" width=\"1024\" height=\"217\" src=\"https:\/\/daslatam.org\/daslatam\/wp-content\/uploads\/2022\/10\/Captura-de-Pantalla-2022-10-22-a-las-23.48.48-1024x217.png\" alt=\"\" class=\"wp-image-340\" style=\"width:1024px;height:217px\" srcset=\"https:\/\/daslatam.org\/daslatam\/wp-content\/uploads\/2022\/10\/Captura-de-Pantalla-2022-10-22-a-las-23.48.48-1024x217.png 1024w, https:\/\/daslatam.org\/daslatam\/wp-content\/uploads\/2022\/10\/Captura-de-Pantalla-2022-10-22-a-las-23.48.48-300x63.png 300w, https:\/\/daslatam.org\/daslatam\/wp-content\/uploads\/2022\/10\/Captura-de-Pantalla-2022-10-22-a-las-23.48.48-768x162.png 768w, https:\/\/daslatam.org\/daslatam\/wp-content\/uploads\/2022\/10\/Captura-de-Pantalla-2022-10-22-a-las-23.48.48-500x106.png 500w, https:\/\/daslatam.org\/daslatam\/wp-content\/uploads\/2022\/10\/Captura-de-Pantalla-2022-10-22-a-las-23.48.48.png 1418w\" sizes=\"auto, (max-width: 1024px) 100vw, 1024px\" \/><\/a><\/figure>\n\n\n\n<div class=\"wp-block-columns is-layout-flex wp-container-core-columns-is-layout-28f84493 wp-block-columns-is-layout-flex\">\n<div class=\"wp-block-column is-layout-flow wp-block-column-is-layout-flow\">\n<h2 class=\"wp-block-heading has-text-align-center\">Sobre Nosotros<\/h2>\n<\/div>\n\n\n\n<div class=\"wp-block-column is-layout-flow wp-block-column-is-layout-flow\">\n<figure class=\"wp-block-image aligncenter size-full is-resized\"><a href=\"https:\/\/daslatam.org\/daslatam\/wp-content\/uploads\/2022\/10\/nos01.jpeg\"><img loading=\"lazy\" decoding=\"async\" width=\"815\" height=\"400\" src=\"https:\/\/daslatam.org\/daslatam\/wp-content\/uploads\/2022\/10\/nos01.jpeg\" alt=\"\" class=\"wp-image-122\" style=\"width:301px\" srcset=\"https:\/\/daslatam.org\/daslatam\/wp-content\/uploads\/2022\/10\/nos01.jpeg 815w, https:\/\/daslatam.org\/daslatam\/wp-content\/uploads\/2022\/10\/nos01-300x147.jpeg 300w, https:\/\/daslatam.org\/daslatam\/wp-content\/uploads\/2022\/10\/nos01-768x377.jpeg 768w, https:\/\/daslatam.org\/daslatam\/wp-content\/uploads\/2022\/10\/nos01-500x245.jpeg 500w\" sizes=\"auto, (max-width: 815px) 100vw, 815px\" \/><\/a><\/figure>\n<\/div>\n\n\n\n<div class=\"wp-block-column is-layout-flow wp-block-column-is-layout-flow\">\n<p class=\"has-text-align-right has-medium-font-size\">Somos un proveedor internacional de servicios de investigaci\u00f3n, consultor\u00eda, gesti\u00f3n de programas y comunicaciones.<\/p>\n<\/div>\n<\/div>\n\n\n\n<div class=\"wp-block-columns is-layout-flex wp-container-core-columns-is-layout-28f84493 wp-block-columns-is-layout-flex\">\n<div class=\"wp-block-column is-layout-flow wp-block-column-is-layout-flow\">\n<h2 class=\"wp-block-heading has-text-align-center\">Nuestra Visi\u00f3n<\/h2>\n<\/div>\n\n\n\n<div class=\"wp-block-column is-layout-flow wp-block-column-is-layout-flow\">\n<figure class=\"wp-block-image aligncenter size-full\"><a href=\"https:\/\/daslatam.org\/daslatam\/wp-content\/uploads\/2022\/10\/nos02.jpeg\"><img loading=\"lazy\" decoding=\"async\" width=\"301\" height=\"167\" src=\"https:\/\/daslatam.org\/daslatam\/wp-content\/uploads\/2022\/10\/nos02.jpeg\" alt=\"\" class=\"wp-image-126\"\/><\/a><\/figure>\n<\/div>\n\n\n\n<div class=\"wp-block-column is-vertically-aligned-center is-layout-flow wp-block-column-is-layout-flow\">\n<p class=\"has-text-align-right has-medium-font-size\">es ser una empresa internacional l\u00edder en investigaci\u00f3n y consultor\u00eda, que aborde los desaf\u00edos clave de la sociedad.<\/p>\n<\/div>\n<\/div>\n\n\n\n<div class=\"wp-block-columns is-layout-flex wp-container-core-columns-is-layout-28f84493 wp-block-columns-is-layout-flex\">\n<div class=\"wp-block-column is-layout-flow wp-block-column-is-layout-flow\">\n<h2 class=\"wp-block-heading has-text-align-center\">Nuestra misi\u00f3n<\/h2>\n<\/div>\n\n\n\n<div class=\"wp-block-column is-layout-flow wp-block-column-is-layout-flow\">\n<figure class=\"wp-block-image aligncenter size-full is-resized\"><a href=\"https:\/\/daslatam.org\/daslatam\/wp-content\/uploads\/2022\/10\/nos3.jpeg\"><img loading=\"lazy\" decoding=\"async\" width=\"750\" height=\"363\" src=\"https:\/\/daslatam.org\/daslatam\/wp-content\/uploads\/2022\/10\/nos3.jpeg\" alt=\"\" class=\"wp-image-127\" style=\"width:301px\" srcset=\"https:\/\/daslatam.org\/daslatam\/wp-content\/uploads\/2022\/10\/nos3.jpeg 750w, https:\/\/daslatam.org\/daslatam\/wp-content\/uploads\/2022\/10\/nos3-300x145.jpeg 300w, https:\/\/daslatam.org\/daslatam\/wp-content\/uploads\/2022\/10\/nos3-500x242.jpeg 500w\" sizes=\"auto, (max-width: 750px) 100vw, 750px\" \/><\/a><\/figure>\n<\/div>\n\n\n\n<div class=\"wp-block-column is-layout-flow wp-block-column-is-layout-flow\">\n<p class=\"has-text-align-right has-medium-font-size\">es ayudar a nuestros clientes a tomar decisiones, desarrollar capacidades para implementar y comunicar cambios y brindar servicios personalizados.<\/p>\n<\/div>\n<\/div>\n\n\n\n<figure class=\"wp-block-table has-medium-font-size\"><table class=\"has-background\" style=\"background-color:#fbfbfb\"><tbody><tr><td><strong>Valoramos nuestra independencia, nuestra integridad, nuestras asociaciones y nos preocupamos por el entorno en el que trabajamos y vivimos. Contamos con un programa activo de RSC (Responsabilidad Social Corporativa) en todas nuestras consultor\u00edas, que se centra en la creaci\u00f3n de valor compartido que beneficia a la sociedad y las empresas.<\/strong><\/td><\/tr><\/tbody><\/table><\/figure>\n\n\n\n<div class=\"wp-block-columns is-layout-flex wp-container-core-columns-is-layout-28f84493 wp-block-columns-is-layout-flex\">\n<div class=\"wp-block-column is-layout-flow wp-block-column-is-layout-flow\">\n<div class=\"wp-block-columns is-layout-flex wp-container-core-columns-is-layout-28f84493 wp-block-columns-is-layout-flex\">\n<div class=\"wp-block-column is-layout-flow wp-block-column-is-layout-flow\">\n<figure class=\"wp-block-image aligncenter size-full is-resized\"><a href=\"https:\/\/www.linkedin.com\/in\/sebastian-rocha-497a7231\/\" target=\"_blank\" rel=\" noreferrer noopener\"><img loading=\"lazy\" decoding=\"async\" width=\"350\" height=\"350\" src=\"https:\/\/daslatam.org\/daslatam\/wp-content\/uploads\/2025\/05\/sebas.jpeg\" alt=\"\" class=\"wp-image-713\" style=\"width:113px;height:auto\" srcset=\"https:\/\/daslatam.org\/daslatam\/wp-content\/uploads\/2025\/05\/sebas.jpeg 350w, https:\/\/daslatam.org\/daslatam\/wp-content\/uploads\/2025\/05\/sebas-300x300.jpeg 300w, https:\/\/daslatam.org\/daslatam\/wp-content\/uploads\/2025\/05\/sebas-150x150.jpeg 150w\" sizes=\"auto, (max-width: 350px) 100vw, 350px\" \/><\/a><\/figure>\n\n\n\n<p class=\"has-text-align-center\"><strong>in:<\/strong> <a href=\"https:\/\/www.linkedin.com\/in\/sebastian-rocha-497a7231\/\" target=\"_blank\" rel=\"noreferrer noopener\"><strong>Sebastian Rocha<\/strong><br>Direcci\u00f3n de Financiamiento y Desarrollo<\/a><\/p>\n\n\n\n<p class=\"has-small-font-size\">Soy economista especializado en econom\u00eda del sector p\u00fablico y asesor financiero. Cuento con una amplia experiencia en la formulaci\u00f3n, evaluaci\u00f3n y ejecuci\u00f3n de programas financiados por organismos multilaterales de cr\u00e9dito \u2014principalmente el BID\u2014 en pa\u00edses como Uruguay, Bolivia, Rep\u00fablica Dominicana, Paraguay, El Salvador, Brasil, Chile y Argentina.<\/p>\n\n\n\n<p class=\"has-small-font-size\">Me especializo en la evaluaci\u00f3n de proyectos y he trabajado como docente e investigador en universidades nacionales de reconocimiento internacional. Obtuve mi Maestr\u00eda en Econom\u00eda en la Universidad Torcuato Di Tella.<\/p>\n\n\n\n<p class=\"has-small-font-size\">Participo activamente en el dise\u00f1o de pol\u00edticas p\u00fablicas en Argentina, contribuyendo con una mirada estrat\u00e9gica y t\u00e9cnica.<br>Co-fundador de DASLATAM.<\/p>\n<\/div>\n\n\n\n<div class=\"wp-block-column is-layout-flow wp-block-column-is-layout-flow\">\n<figure class=\"wp-block-image aligncenter size-full is-resized\"><a href=\"https:\/\/www.linkedin.com\/in\/arielbaudry\/\" target=\"_blank\" rel=\" noreferrer noopener\"><img loading=\"lazy\" decoding=\"async\" width=\"450\" height=\"450\" src=\"https:\/\/daslatam.org\/daslatam\/wp-content\/uploads\/2025\/05\/Ariel.jpeg\" alt=\"\" class=\"wp-image-712\" style=\"width:114px;height:auto\" srcset=\"https:\/\/daslatam.org\/daslatam\/wp-content\/uploads\/2025\/05\/Ariel.jpeg 450w, https:\/\/daslatam.org\/daslatam\/wp-content\/uploads\/2025\/05\/Ariel-300x300.jpeg 300w, https:\/\/daslatam.org\/daslatam\/wp-content\/uploads\/2025\/05\/Ariel-150x150.jpeg 150w\" sizes=\"auto, (max-width: 450px) 100vw, 450px\" \/><\/a><\/figure>\n\n\n\n<p class=\"has-text-align-center\"><strong>in:<\/strong> <a href=\"https:\/\/www.linkedin.com\/in\/arielbaudry\/\" target=\"_blank\" rel=\"noreferrer noopener\"><strong>Ariel Baudry<\/strong><br>Direcci\u00f3n de Tecnolog\u00eda y Energ\u00edas Renovables<\/a><\/p>\n\n\n\n<p class=\"has-small-font-size\">Soy especialista en tecnolog\u00eda con una trayectoria s\u00f3lida en el dise\u00f1o, implementaci\u00f3n y evaluaci\u00f3n de pol\u00edticas p\u00fablicas, especialmente en sectores como salud, finanzas y gesti\u00f3n integral de residuos. Trabaj\u00e9 en organismos nacionales, provinciales y municipales, lo que me permiti\u00f3 una visi\u00f3n amplia de las pol\u00edticas p\u00fablicas.<\/p>\n\n\n\n<p class=\"has-small-font-size\">Me dedico al desarrollo de diagn\u00f3sticos t\u00e9cnicos, formulaci\u00f3n de planes estrat\u00e9gicos, coordinaci\u00f3n de equipos interdisciplinarios y articulaci\u00f3n entre instituciones. Lider\u00e9 iniciativas que integran sostenibilidad, planificaci\u00f3n y gesti\u00f3n p\u00fablica.<\/p>\n\n\n\n<p class=\"has-small-font-size\">Tambi\u00e9n tengo experiencia en cooperaci\u00f3n internacional, licitaciones con financiamiento externo y procesos participativos con m\u00faltiples actores.<br>Co-fundador de DASLATAM.<\/p>\n<\/div>\n<\/div>\n<\/div>\n\n\n\n<div class=\"wp-block-column is-layout-flow wp-block-column-is-layout-flow\">\n<div class=\"wp-block-columns is-layout-flex wp-container-core-columns-is-layout-28f84493 wp-block-columns-is-layout-flex\">\n<div class=\"wp-block-column is-layout-flow wp-block-column-is-layout-flow\">\n<figure class=\"wp-block-image aligncenter size-full is-resized\"><a href=\"https:\/\/www.linkedin.com\/in\/veby-martinez-474503b\/\" target=\"_blank\" rel=\" noreferrer noopener\"><img loading=\"lazy\" decoding=\"async\" width=\"500\" height=\"500\" src=\"https:\/\/daslatam.org\/daslatam\/wp-content\/uploads\/2025\/05\/veby.jpeg\" alt=\"\" class=\"wp-image-710\" style=\"width:114px;height:auto\" srcset=\"https:\/\/daslatam.org\/daslatam\/wp-content\/uploads\/2025\/05\/veby.jpeg 500w, https:\/\/daslatam.org\/daslatam\/wp-content\/uploads\/2025\/05\/veby-300x300.jpeg 300w, https:\/\/daslatam.org\/daslatam\/wp-content\/uploads\/2025\/05\/veby-150x150.jpeg 150w\" sizes=\"auto, (max-width: 500px) 100vw, 500px\" \/><\/a><\/figure>\n\n\n\n<p class=\"has-text-align-center\"><strong>in:<\/strong> <a href=\"https:\/\/www.linkedin.com\/in\/veby-martinez-474503b\/\" target=\"_blank\" rel=\"noreferrer noopener\"><strong>Veby Mart\u00ednez<\/strong><br>Direcci\u00f3n de Estrategia y Gesti\u00f3n de Proyectos<\/a><\/p>\n\n\n\n<p class=\"has-small-font-size\">Soy economista con m\u00e1s de 15 a\u00f1os de experiencia en el sector p\u00fablico, enfocada en el dise\u00f1o y ejecuci\u00f3n de pol\u00edticas p\u00fablicas innovadoras. Durante mi trayectoria lider\u00e9 proyectos estrat\u00e9gicos en la Ciudad de Buenos Aires, incluyendo iniciativas que se convirtieron en referentes de gesti\u00f3n y participaci\u00f3n ciudadana.<\/p>\n\n\n\n<p class=\"has-small-font-size\">Actualmente combino mi experiencia en pol\u00edticas p\u00fablicas con la gesti\u00f3n de proyectos culturales y de entretenimiento de alto impacto. <\/p>\n\n\n\n<p class=\"has-small-font-size\">Mi enfoque se basa en articular el sector p\u00fablico con el privado, generando iniciativas que crean valor social y econ\u00f3mico. Me motiva el desarrollo sostenible y la innovaci\u00f3n, y busco constantemente oportunidades para transformar positivamente la sociedad.<\/p>\n<\/div>\n\n\n\n<div class=\"wp-block-column is-layout-flow wp-block-column-is-layout-flow\">\n<figure class=\"wp-block-image aligncenter size-full is-resized\"><a href=\"https:\/\/www.linkedin.com\/in\/dario-gutierrez-valencia\/\" target=\"_blank\" rel=\" noreferrer noopener\"><img loading=\"lazy\" decoding=\"async\" width=\"500\" height=\"500\" src=\"https:\/\/daslatam.org\/daslatam\/wp-content\/uploads\/2025\/05\/dario.jpeg\" alt=\"\" class=\"wp-image-711\" style=\"width:115px;height:auto\" srcset=\"https:\/\/daslatam.org\/daslatam\/wp-content\/uploads\/2025\/05\/dario.jpeg 500w, https:\/\/daslatam.org\/daslatam\/wp-content\/uploads\/2025\/05\/dario-300x300.jpeg 300w, https:\/\/daslatam.org\/daslatam\/wp-content\/uploads\/2025\/05\/dario-150x150.jpeg 150w\" sizes=\"auto, (max-width: 500px) 100vw, 500px\" \/><\/a><\/figure>\n\n\n\n<p class=\"has-text-align-center\"><strong>in:<\/strong> <a href=\"https:\/\/www.linkedin.com\/in\/dario-gutierrez-valencia\/\" target=\"_blank\" rel=\"noreferrer noopener\"><strong>Dario Guti\u00e9rrez<\/strong><br>Direccion de Investigacion<\/a><\/p>\n\n\n\n<p class=\"has-small-font-size\"><br>Soy economista con una s\u00f3lida formaci\u00f3n acad\u00e9mica y un perfil que combina an\u00e1lisis con iniciativa. Me adapto con rapidez a distintos entornos y aporto valor desde las primeras etapas de los proyectos.<\/p>\n\n\n\n<p class=\"has-small-font-size\">En la consultora participo activamente en iniciativas que requieren pensamiento cr\u00edtico, organizaci\u00f3n y compromiso con los resultados. Me interesa trabajar en equipo, aprender y asumir desaf\u00edos que tengan impacto en lo social y lo territorial.<\/p>\n\n\n\n<p class=\"has-small-font-size\">Apunto a crecer como profesional, integrando innovaci\u00f3n, sostenibilidad y desarrollo regional en cada proyecto que encaramos. Aspiro a consolidarme como un economista vers\u00e1til, comprometido con los desaf\u00edos del presente y del futuro.<\/p>\n<\/div>\n<\/div>\n<\/div>\n<\/div>\n\n\n\n<p><\/p>\n","protected":false},"excerpt":{"rendered":"<p>Sobre Nosotros Somos un proveedor internacional de servicios de investigaci\u00f3n, consultor\u00eda, gesti\u00f3n de programas y comunicaciones. Nuestra Visi\u00f3n es ser [&hellip;]<\/p>\n","protected":false},"author":2,"featured_media":0,"parent":0,"menu_order":0,"comment_status":"closed","ping_status":"closed","template":"","meta":{"googlesitekit_rrm_CAow1aHbCw:productID":"","site-sidebar-layout":"default","site-content-layout":"","ast-site-content-layout":"default","site-content-style":"default","site-sidebar-style":"default","ast-global-header-display":"","ast-banner-title-visibility":"","ast-main-header-display":"","ast-hfb-above-header-display":"","ast-hfb-below-header-display":"","ast-hfb-mobile-header-display":"","site-post-title":"","ast-breadcrumbs-content":"","ast-featured-img":"","footer-sml-layout":"","ast-disable-related-posts":"","theme-transparent-header-meta":"","adv-header-id-meta":"","stick-header-meta":"","header-above-stick-meta":"","header-main-stick-meta":"","header-below-stick-meta":"","astra-migrate-meta-layouts":"default","ast-page-background-enabled":"default","ast-page-background-meta":{"desktop":{"background-color":"var(--ast-global-color-5)","background-image":"","background-repeat":"repeat","background-position":"center center","background-size":"auto","background-attachment":"scroll","background-type":"","background-media":"","overlay-type":"","overlay-color":"","overlay-opacity":"","overlay-gradient":""},"tablet":{"background-color":"","background-image":"","background-repeat":"repeat","background-position":"center center","background-size":"auto","background-attachment":"scroll","background-type":"","background-media":"","overlay-type":"","overlay-color":"","overlay-opacity":"","overlay-gradient":""},"mobile":{"background-color":"","background-image":"","background-repeat":"repeat","background-position":"center center","background-size":"auto","background-attachment":"scroll","background-type":"","background-media":"","overlay-type":"","overlay-color":"","overlay-opacity":"","overlay-gradient":""}},"ast-content-background-meta":{"desktop":{"background-color":"var(--ast-global-color-4)","background-image":"","background-repeat":"repeat","background-position":"center center","background-size":"auto","background-attachment":"scroll","background-type":"","background-media":"","overlay-type":"","overlay-color":"","overlay-opacity":"","overlay-gradient":""},"tablet":{"background-color":"var(--ast-global-color-4)","background-image":"","background-repeat":"repeat","background-position":"center center","background-size":"auto","background-attachment":"scroll","background-type":"","background-media":"","overlay-type":"","overlay-color":"","overlay-opacity":"","overlay-gradient":""},"mobile":{"background-color":"var(--ast-global-color-4)","background-image":"","background-repeat":"repeat","background-position":"center center","background-size":"auto","background-attachment":"scroll","background-type":"","background-media":"","overlay-type":"","overlay-color":"","overlay-opacity":"","overlay-gradient":""}},"footnotes":""},"class_list":["post-8","page","type-page","status-publish","hentry"],"_links":{"self":[{"href":"https:\/\/daslatam.org\/daslatam\/wp-json\/wp\/v2\/pages\/8","targetHints":{"allow":["GET"]}}],"collection":[{"href":"https:\/\/daslatam.org\/daslatam\/wp-json\/wp\/v2\/pages"}],"about":[{"href":"https:\/\/daslatam.org\/daslatam\/wp-json\/wp\/v2\/types\/page"}],"author":[{"embeddable":true,"href":"https:\/\/daslatam.org\/daslatam\/wp-json\/wp\/v2\/users\/2"}],"replies":[{"embeddable":true,"href":"https:\/\/daslatam.org\/daslatam\/wp-json\/wp\/v2\/comments?post=8"}],"version-history":[{"count":18,"href":"https:\/\/daslatam.org\/daslatam\/wp-json\/wp\/v2\/pages\/8\/revisions"}],"predecessor-version":[{"id":927,"href":"https:\/\/daslatam.org\/daslatam\/wp-json\/wp\/v2\/pages\/8\/revisions\/927"}],"wp:attachment":[{"href":"https:\/\/daslatam.org\/daslatam\/wp-json\/wp\/v2\/media?parent=8"}],"curies":[{"name":"wp","href":"https:\/\/api.w.org\/{rel}","templated":true}]}}